132. What are the prime factors of a?
2
Suppose -4*z - 2*t + 29 = 11, 4*t = 4*z + 12. Suppose z*l - 17 - 1 = 0. What are the prime factors of l?
3
Let h(f) be the first derivative of f**2/2 - f - 3. List the prime factors of h(7).
2, 3
Suppose 0 = -0*m + m. Let b be -6*(m + -1) - 2. Suppose -b*o = 5*i - 38, 7 = 5*o + 3*i - 47. What are the prime factors of o?
2, 3
Let a = 113 - 58. Suppose 41 + a = -2*y. List the prime factors of (y/(-28))/((-2)/(-14)).
2, 3
Let y(g) = 3 - 3 - 2*g - 18*g. What are the prime factors of y(-1)?
2, 5
Suppose 0 = -f + 11 + 3. What are the prime factors of f?
2, 7
Suppose 158 = 2*t + 3*n + n, 0 = t + 3*n - 81. What are the prime factors of t?
3, 5
Suppose 3*r + 20 = 7*r. Let d(v) = -10*v**2 + 2*v - v + r*v**2 + 7 - v**3. List the prime factors of d(-5).
2
Let j(y) = -y**2 - 10*y - 13. Let c(f) = -10*f**2 - 2*f + 1. Let w be c(1). Let x be j(w). Let t = 38 + x. List the prime factors of t.
2, 7
Suppose 266 = 4*x - 134. Suppose -24 = 2*p - x. Suppose p = 4*c - 26. What are the prime factors of c?
2
Let p(m) = 7*m**2 - 8*m - 20. List the prime factors of p(-6).
2, 5, 7
Let y = 6 - 1. Let q = y - 2. Suppose 0 = q*c - 4*c + 17. What are the prime factors of c?
17
Let s be (5 + -4)*(-2 + 4). Suppose 0 = s*c + 4*b - 36, -3*c - b - 13 = -57. What are the prime factors of c?
2, 7
Suppose -3*f + 2*w = 64, -4*f = -3*f - w + 22. Let b = f + 7. What are the prime factors of 0/(-1) - 2 - b?
11
Suppose 0 = -2*q - 2, 2*j - 4*q = -0*j + 2. Let l(u) = -u**3 - 3. Let w be l(0). What are the prime factors of -2 - w - (j + -2)?
2
Let u = -5 - -7. Suppose 44 = u*o - 2. Suppose -5*f + o = 3. List the prime factors of f.
2
Suppose t + 5*s + 29 = 0, 0*s - 33 = 2*t + 5*s. List the prime factors of (8/(-5))/(t/100).
2, 5
Let h be 2*1 + 28/14. Suppose -3*s + 0*t + h*t = -50, 2 = -t. What are the prime factors of s?
2, 7
Let l(m) = -10*m - 2. List the prime factors of l(-1).
2
Suppose 3*b - 2*x = 2, 4*b + 0*b = -2*x + 26. Suppose -a + b = -1. Suppose a*q + 24 = 4*d, -2*d = -5*q - 0 - 2. What are the prime factors of d?
11
Let s = 9 - 9. Let g = s - -6. What are the prime factors of g?
2, 3
Let d(k) = k + 2. Suppose -4*p + 2*g - 6 = -0, 5*g - 23 = 2*p. Let x be p + -1 + 12/3. List the prime factors of d(x).
2, 3
What are the prime factors of ((-2)/(-1)*4)/((-4)/(-82))?
2, 41
Suppose 4*w - 45 = 35. What are the prime factors of w?
2, 5
Let b(z) = 4*z - 6. What are the prime factors of b(5)?
2, 7
Let s be 0/((-2)/(3/3)). Suppose -2*h - 41 + 1 = s. Let x = h + 31. What are the prime factors of x?
11
Let z = -2 - -4. Let t = -6 - -35. Suppose -20 = 5*j, f = z*j - 9 + t. List the prime factors of f.
2, 3
Let z(a) = a**2 - 7*a + 9. What are the prime factors of z(7)?
3
List the prime factors of (1 - 20)/(-4 - -3).
19
Let j(g) = -2*g - 5. Let b be j(-4). Suppose -b*m + 2 = -m. Suppose -m = -2*w + 3. List the prime factors of w.
2
Let y = -9 + 28. Suppose 3*x - y = 23. List the prime factors of x.
2, 7
Let p(z) = z - 5. Let n be p(7). Let j be (0/(-2) - 0)/n. Suppose 5*h - 3*l - 35 = j, 20 = 4*h - 2*l - 2*l. List the prime factors of h.
2, 5
Suppose 26 = -2*g + 72. List the prime factors of g.
23
Suppose 5*o - 5 - 5 = 0. Suppose -o*r + 10 = -r. List the prime factors of r.
2, 5
Suppose r - 32 = 4*q, r - 14 = 3*q - 8*q. Suppose u = -a - 18, a = 4*a - 3*u + 30. Let h = r + a. List the prime factors of h.
2, 5
Let i(b) be the third derivative of b**6/120 + b**5/60 - 3*b**2. Let c(t) = t**3 + 7*t**2 - 4*t + 4. Let p(a) = c(a) - 2*i(a). List the prime factors of p(4).
2
Suppose -2*i = -10 + 22. List the prime factors of ((-1)/3)/(i/162).
3
Suppose -h + 3 = 4*d, -h - 4*d + 18 = -3*h. Let k(q) = -9*q + 6. Let y be k(h). Suppose -3*m = 4*l - y, 0 = -m + 3*m - 2*l - 20. List the prime factors of m.
13
Let l(q) be the third derivative of q**4/24 - 5*q**3/6 - q**2. Let o be l(5). Suppose o = 5*a + 25, -k = -3*a - 9 - 15. List the prime factors of k.
3
What are the prime factors of (-1376)/(-20) - 5/(-25)?
3, 23
Suppose 3*r + r = 8. Suppose -5*p = -6*s + 4*s + 69, r*p - 56 = -3*s. Let w = s + -14. What are the prime factors of w?
2
Let b = -7 - -3. Let s = -3 - b. Let l(v) = 5*v. What are the prime factors of l(s)?
5
Let g = -106 + 240. What are the prime factors of g?
2, 67
Let x be (-1 + (-4)/(-6))*-3. Let s(v) = 7*v**2 + 1. Let j be s(x). Suppose -3*l + 4*i = -34, -3*l + j - 2 = 3*i. List the prime factors of l.
2, 3
Let h = -2 - -6. Let b = 7 - h. List the prime factors of b.
3
Suppose -15 = -4*x + 5. What are the prime factors of ((-40)/x)/((-2)/2)?
2
Suppose 0 = 2*n - 4*z - 16, z = -4*n + 5*n - 5. List the prime factors of n.
2
Let s be ((-11)/(-11))/((-2)/(-354)). Let f = -126 + s. What are the prime factors of f?
3, 17
Suppose 77 - 2 = -3*s. Let k = s - -41. Suppose 4*g - k = -f, 4*g + 5*f - 16 = f. List the prime factors of g.
2
Let t = 1 + 1. What are the prime factors of t?
2
Let n = 0 - -42. What are the prime factors of n?
2, 3, 7
Suppose 4*r - 46 = v, 0 = 5*v - v + 8. Suppose r = p - 4*w - 8, 2*p + w = 11. List the prime factors of p.
7
Let n(t) = -4*t - 5. Suppose u + 14 = 5*s, -3*s = 2*s - 2*u - 13. Suppose 8 = -3*c - 4*i, -3 = 2*c + s*i + 2*i. List the prime factors of n(c).
11
Suppose 0 = 5*k - 4*s - 123, 5*s = 3*k + 1 - 67. What are the prime factors of k?
3
Suppose -j - 2*j + 6 = 0. Let p be -3*j/3 + 11. Suppose 0*r - p = -r. What are the prime factors of r?
3
Let y = 54 - 106. Let s = -17 - y. What are the prime factors of s?
5, 7
Let r be -3*1*(-5)/3. Suppose -40 + 195 = r*d. What are the prime factors of d?
31
What are the prime factors of ((-10 - 0)*1)/((-2)/25)?
5
Suppose -f - 2*i + 17 = 0, 3 = 4*f - i - 65. What are the prime factors of f?
17
Let q(i) = i**2 + 5*i + 3. What are the prime factors of q(-11)?
3, 23
Suppose -7*d = -4*d - 3. Let u = 26 - d. List the prime factors of u.
5
Let z = 10 + -4. Suppose y = -y + z. Suppose -y*g = -2*g - 9. List the prime factors of g.
3
Let w be (5 + -2)/((-12)/(-8)). Suppose w*z = -z + 42. What are the prime factors of z?
2, 7
Let y be ((-6)/(-9))/1*3. Suppose 2*c + y = 2*h, 0*h - 2 = 5*c - 2*h. Suppose c = -4*d + 21 + 23. What are the prime factors of d?
11
Suppose v = 3*d - 23, 4*v - 16 = 5*d - 52. List the prime factors of d.
2
Let b(j) = j - 7. Let h be b(7). Suppose d - 4 = t - h*t, 2*t + 5*d = -43. Let y = 5 - t. What are the prime factors of y?
2, 7
List the prime factors of -1*(26*-3 - 2).
2, 5
Let y(t) = 4*t - 8. List the prime factors of y(8).
2, 3
Suppose 2*l + l - 15 = 0. Suppose 21 = l*w + n - 76, -n + 57 = 3*w. Let k = 35 - w. List the prime factors of k.
3, 5
Let x(z) = -z**3 - 6*z**2 - 7*z + 2. Suppose 2*r + 10 = 3*r. Suppose 5*q + 15 = -4*b + b, 2*b - 3*q + r = 0. What are the prime factors of x(b)?
2, 3
Let b(i) = -2*i**2 - 2*i + 100. What are the prime factors of b(0)?
2, 5
Let c(l) = 5*l**3 - 2*l**2 + 2*l - 1. Let n be c(1). Suppose -2*k + b = 3*k - 24, -4*k = 3*b - n. List the prime factors of k.
2
List the prime factors of (253/11)/(1/3).
3, 23
List the prime factors of (-1)/(3/30*-2).
5
Let o = 22 - 37. Let q(p) = -p**3 - 16*p**2 - 16*p + 11. List the prime factors of q(o).
2, 13
Suppose -173 - 213 = -4*i + 2*h, -92 = -i + 5*h. What are the prime factors of i?
97
Suppose -2*n + 23 - 9 = 0. Suppose -n = -3*s + 5. Suppose -s = z - 10. What are the prime factors of z?
2, 3
Suppose -n + 2*x + 66 = -2*x, 240 = 5*n - 2*x. List the prime factors of (n/(-4))/((-2)/4).
23
Suppose 0 = -5*r - 4*f - 142, -3*r - 2*f = 78 + 6. Let v = r - -48. List the prime factors of v.
2, 11
Let x = 72 + -42. What are the prime factors of x?
2, 3, 5
Let w(f) = 5*f**3 + 24*f**2 - 24*f + 13. Let u(k) = k**3 + 6*k**2 - 6*k + 3. Suppose -3*z - 18 = -z. Let g(s) = z*u(s) + 2*w(s). List the prime factors of g(5).
2
Suppose 0 = -4*m + 2*i - 22, -2*i = -5*m + i - 28. Let u = -1 - m. Suppose -5*j = -u - 31. List the prime factors of j.
7
Let p be -1*2 + (22 - 3). Suppose -p - 21 = -2*t. What are the prime factors of t?
19
Suppose 25 = -v + 6*v. Let c = v - 3. Suppose -3*u + c*q = -0*q - 2, -5*q + 10 = 0. List the prime factors of u.
2
Suppose 6 = 5*r - 49. Suppose r = 4*k + 3. List the prime factors of k.
2
Suppose -3*m = -2*g + 24, -4*m + 4*g + 18 = -9*m. Let r = 11 + m. List the prime factors of r.
5
Let t =